{"id":122,"date":"2014-10-06T13:46:36","date_gmt":"2014-10-06T13:46:36","guid":{"rendered":"http:\/\/vsstpoelten-harland.ac.at\/?page_id=122"},"modified":"2026-01-28T08:58:47","modified_gmt":"2026-01-28T08:58:47","slug":"home-2","status":"publish","type":"page","link":"https:\/\/vsstpoelten-harland.ac.at\/","title":{"rendered":""},"content":{"rendered":"\n<div class=\"wp-block-group\"><div class=\"wp-block-group__inner-container is-layout-flow wp-block-group-is-layout-flow\">\n<p><\/p>\n\n\n\n<h2>Willkommen auf der Website der <strong>Volksschulen\u00a0Harland\u00a0<\/strong> und\u00a0<strong>Stattersdorf<\/strong>.<\/h2>\n<h3 style=\"text-align: center;\"><span style=\"color: #993300;\">Wir sind alle verschieden. <\/span><br \/><span style=\"color: #993300;\">Gemeinsam sind wir stark!<\/span><\/h3>\n<p><img loading=\"lazy\" decoding=\"async\" class=\" wp-image-5226\" src=\"https:\/\/vsstpoelten-harland.ac.at\/wp-content\/uploads\/2025\/09\/IMG-20250917-WA0004-1024x1024.jpg\" alt=\"\" width=\"187\" height=\"187\" srcset=\"https:\/\/vsstpoelten-harland.ac.at\/wp-content\/uploads\/2025\/09\/IMG-20250917-WA0004-1024x1024.jpg 1024w, https:\/\/vsstpoelten-harland.ac.at\/wp-content\/uploads\/2025\/09\/IMG-20250917-WA0004-300x300.jpg 300w, https:\/\/vsstpoelten-harland.ac.at\/wp-content\/uploads\/2025\/09\/IMG-20250917-WA0004-150x150.jpg 150w, https:\/\/vsstpoelten-harland.ac.at\/wp-content\/uploads\/2025\/09\/IMG-20250917-WA0004-768x769.jpg 768w, https:\/\/vsstpoelten-harland.ac.at\/wp-content\/uploads\/2025\/09\/IMG-20250917-WA0004-144x144.jpg 144w, https:\/\/vsstpoelten-harland.ac.at\/wp-content\/uploads\/2025\/09\/IMG-20250917-WA0004.jpg 1080w\" sizes=\"auto, (max-width: 187px) 100vw, 187px\" \/><\/p>\n<p>VOL Sabine Eder, BEd MEd<br \/>\u00a0 \u00a0 \u00a0 \u00a0 Schulleitung<\/p>\n<p><span style=\"color: #993300;\"><strong>Jedes Kind st\u00e4rken \u2013 ganzheitlich lernen und wachsen<\/strong><\/span><\/p>\n<p>Das ganzheitliche Lernprogramm\u00a0<span style=\"color: #993300;\"><strong>\u201eJedes Kind st\u00e4rken\u201c<\/strong><\/span>, welches wir seit dem Schuljahr 2025\/26 gezielt umsetzen, unterst\u00fctzt Kinder dabei, ihre\u00a0<span style=\"color: #993300;\"><strong>individuellen St\u00e4rken<\/strong><\/span>\u00a0zu entdecken,\u00a0<span style=\"color: #993300;\"><strong>Selbstvertrauen<\/strong><\/span>\u00a0aufzubauen und\u00a0<span style=\"color: #993300;\"><strong>soziale\u00a0<\/strong><\/span>sowie\u00a0<strong><span style=\"color: #993300;\">emotionale<\/span> <span style=\"color: #993300;\">Kompetenzen<\/span><\/strong><span style=\"color: #993300;\">\u00a0<\/span>zu entwickeln. Neben dem fachlichen Lernen stehen das\u00a0<em>Wohlbefinden<\/em>, die\u00a0<em>Pers\u00f6nlichkeitsentwicklung<\/em>\u00a0und ein\u00a0<em>respektvolles Miteinander\u00a0<\/em>im Mittelpunkt des Schulalltags.<\/p>\n<p>Eine wichtige Grundlage bildet die\u00a0<span style=\"color: #993300;\"><strong>Positive Psychologie<\/strong><\/span>. Sie richtet den Blick darauf,\u00a0<em>was Kinder stark mach<\/em>t, ihre\u00a0<em>Lebensfreude f\u00f6rdert<\/em>\u00a0und ihnen hilft,\u00a0<em>Herausforderungen<\/em>\u00a0gut zu\u00a0<em>bew\u00e4ltigen<\/em>\u00a0\u2013 anstatt sich vorwiegend auf Schw\u00e4chen zu konzentrieren.<\/p>\n<p>Ein zentrales Modell der Positiven Psychologie ist das\u00a0<span style=\"color: #993300;\"><strong>PERMA-Modell<\/strong>\u00a0<\/span>nach Martin Seligman. Es beschreibt\u00a0<em>f\u00fcnf wesentliche Elemente f\u00fcr Wohlbefinden<\/em>\u00a0und\u00a0<em>gelingendes Lerne<\/em>n:<\/p>\n<ul>\n<li><span style=\"color: #993300;\"><strong>P \u2013 Positive Emotionen: <\/strong><\/span>Freude, Dankbarkeit und Zuversicht erleben<\/li>\n<li><span style=\"color: #993300;\"><strong>E \u2013 Engagement: <\/strong><\/span>interessiert, konzentriert und mit Begeisterung lernen<\/li>\n<li><span style=\"color: #993300;\"><strong>R \u2013 Relationships: <\/strong><\/span>positive und tragf\u00e4hige Beziehungen gestalten<\/li>\n<li><strong><span style=\"color: #993300;\">M \u2013 Meaning:<\/span> <\/strong>Sinn und Bedeutung im eigenen Tun erkennen<\/li>\n<li><span style=\"color: #993300;\"><strong>A \u2013 Accomplishment: <\/strong><\/span>Ziele erreichen und Erfolge erfahren<\/li>\n<\/ul>\n<p>Erg\u00e4nzend dazu spielen\u00a0<span style=\"color: #993300;\"><strong>Achtsamkeit<\/strong><\/span>\u00a0und die\u00a0<span style=\"color: #993300;\"><strong>wertsch\u00e4tzende gewaltfreie Kommunikation <\/strong><\/span>nach<span style=\"color: #993300;\"><strong> Marshall Rosenberg<\/strong><\/span>\u00a0eine zentrale Rolle.\u00a0<em>Achtsamkeit<\/em>\u00a0hilft den Kindern, ihre Gef\u00fchle und Bed\u00fcrfnisse wahrzunehmen und im Moment pr\u00e4sent zu sein. Die\u00a0<em>gewaltfreie Kommunikation\u00a0<\/em>f\u00f6rdert einen respektvollen Umgang, st\u00e4rkt Empathie und unterst\u00fctzt Kinder dabei, Konflikte friedlich und l\u00f6sungsorientiert zu kl\u00e4ren.<\/p>\n<p>So tr\u00e4gt \u201eJedes Kind st\u00e4rken\u201c dazu bei, Kinder ganzheitlich in ihrer emotionalen, sozialen und kognitiven Entwicklung zu begleiten und sie auf ihrem individuellen Lern- und Lebensweg zu st\u00e4rken.<\/p>\n<\/div><\/div>\n\n\n\n<p class=\"has-text-align-left\"><\/p>\n\n\n\n<div class=\"wp-block-group\"><div class=\"wp-block-group__inner-container is-layout-flow wp-block-group-is-layout-flow\">\n<p><\/p>\n\n\n\n<p><\/p>\n\n\n\n<p><\/p>\n\n\n\n<p><\/p>\n\n\n\n<figure class=\"wp-block-gallery has-nested-images columns-default is-cropped wp-block-gallery-1 is-layout-flex wp-block-gallery-is-layout-flex\"><\/figure>\n\n\n\n<p><\/p>\n\n\n\n<p><\/p>\n\n\n\n<p class=\"has-text-align-left\"><a href=\"https:\/\/bildung.bmbwf.gv.at\/datenschutz\">Hinweise zum Datenschutz<\/a><\/p>\n\n\n\n<p><\/p>\n\n\n\n<p><\/p>\n<\/div><\/div>\n","protected":false},"excerpt":{"rendered":"<p>Willkommen auf der Website der Volksschulen\u00a0Harland\u00a0 und\u00a0Stattersdorf. Wir sind alle verschieden. Gemeinsam sind wir stark! VOL Sabine Eder, BEd MEd\u00a0 \u00a0 \u00a0 \u00a0 Schulleitung Jedes Kind st\u00e4rken \u2013 ganzheitlich lernen und wachsen Das ganzheitliche Lernprogramm\u00a0\u201eJedes Kind st\u00e4rken\u201c, welches wir seit dem Schuljahr 2025\/26 gezielt umsetzen, unterst\u00fctzt Kinder dabei, ihre\u00a0individuellen St\u00e4rken\u00a0zu entdecken,\u00a0Selbstvertrauen\u00a0aufzubauen und\u00a0soziale\u00a0sowie\u00a0emotionale Kompetenzen\u00a0zu entwickeln. Neben &hellip; <a href=\"https:\/\/vsstpoelten-harland.ac.at\/\" class=\"more-link\"><span class=\"screen-reader-text\"><\/span> weiterlesen <span class=\"meta-nav\">&rarr;<\/span><\/a><\/p>\n","protected":false},"author":3,"featured_media":0,"parent":0,"menu_order":0,"comment_status":"closed","ping_status":"closed","template":"","meta":{"footnotes":""},"class_list":["post-122","page","type-page","status-publish","hentry"],"_links":{"self":[{"href":"https:\/\/vsstpoelten-harland.ac.at\/index.php?rest_route=\/wp\/v2\/pages\/122","targetHints":{"allow":["GET"]}}],"collection":[{"href":"https:\/\/vsstpoelten-harland.ac.at\/index.php?rest_route=\/wp\/v2\/pages"}],"about":[{"href":"https:\/\/vsstpoelten-harland.ac.at\/index.php?rest_route=\/wp\/v2\/types\/page"}],"author":[{"embeddable":true,"href":"https:\/\/vsstpoelten-harland.ac.at\/index.php?rest_route=\/wp\/v2\/users\/3"}],"replies":[{"embeddable":true,"href":"https:\/\/vsstpoelten-harland.ac.at\/index.php?rest_route=%2Fwp%2Fv2%2Fcomments&post=122"}],"version-history":[{"count":71,"href":"https:\/\/vsstpoelten-harland.ac.at\/index.php?rest_route=\/wp\/v2\/pages\/122\/revisions"}],"predecessor-version":[{"id":5937,"href":"https:\/\/vsstpoelten-harland.ac.at\/index.php?rest_route=\/wp\/v2\/pages\/122\/revisions\/5937"}],"wp:attachment":[{"href":"https:\/\/vsstpoelten-harland.ac.at\/index.php?rest_route=%2Fwp%2Fv2%2Fmedia&parent=122"}],"curies":[{"name":"wp","href":"https:\/\/api.w.org\/{rel}","templated":true}]}}