{"id":39,"date":"2014-10-05T13:11:34","date_gmt":"2014-10-05T13:11:34","guid":{"rendered":"http:\/\/vsstpoelten-harland.ac.at\/?page_id=39"},"modified":"2026-01-28T08:56:31","modified_gmt":"2026-01-28T08:56:31","slug":"schulprofil","status":"publish","type":"page","link":"https:\/\/vsstpoelten-harland.ac.at\/?page_id=39","title":{"rendered":"Schulprofil"},"content":{"rendered":"<p>Unser Team m\u00f6chte den Kindern neben den Kulturtechniken\u00a0<strong><span style=\"color: #993300;\">LESEN<\/span><\/strong>,\u00a0<span style=\"color: #993300;\"><strong>SCHREIBEN\u00a0<\/strong><\/span>und\u00a0<span style=\"color: #993300;\"><strong>RECHNEN\u00a0<\/strong><\/span>auch noch folgende<br \/>\n<span style=\"color: #993300;\"><strong>Kompetenzen<\/strong> <\/span>\u00fcbermitteln:<\/p>\n<ul>\n<li>Verantwortungsbewusstsein<\/li>\n<li>Freude am Leben<\/li>\n<li>Gesundheitssinn<\/li>\n<li>Kreativit\u00e4t<\/li>\n<li>Teamf\u00e4higkeit<\/li>\n<li>Eigenst\u00e4ndigkeit<\/li>\n<li>Kommunikationsbereitschaft<\/li>\n<li>Sozialkompetenz<\/li>\n<li>Konfliktf\u00e4higkeit<\/li>\n<li>Leistungsbereitschaft<\/li>\n<\/ul>\n<p>Auch die <span style=\"color: #993300;\"><strong>Pflege von Kontakten an den Nahtstellen<\/strong><\/span> (Kindergarten, NMS und AHS) sind uns sehr wichtig:<br \/>\nSchnuppertage, schulstufen\u00fcbergreifender Projektunterricht und Informationsveranstaltungen werden organisiert.<\/p>\n<p>Weiters sind wir bestrebt, ein <span style=\"color: #993300;\"><strong>tragf\u00e4higes Netz im Sinne der Krisenintervention<\/strong><\/span> aufzubauen:<br \/>\nZusammenarbeit mit der Schulpsychologie, mit Beratungslehrpersonen und mit Sozialarbeiterinnen und Sozialarbeitern.<\/p>\n<p>Jedes Jahr setzen wir uns ein Thema zum <span style=\"color: #993300;\"><strong>Schwerpunkt<\/strong><\/span>, das wir dann sehr intensiv in unseren Schulalltag einbauen werden.<br \/>\nIm <em>Schuljahr 2025\/2026<\/em> wollen wir das <span style=\"color: #993300;\"><strong>Thema <em>SOZIALE KOMPETENZ<\/em> <\/strong><\/span>genauer unter die Lupe nehmen.<br \/>\nEinige Aktivit\u00e4ten, die wir schwerpunktm\u00e4\u00dfig die Jahre vorher behandelt haben, flie\u00dfen in den Regelunterricht ein.<\/p>\n<p>Seit dem\u00a0<em>Schuljahr 2025\/26<\/em>\u00a0bietet unsere Schule wieder\u00a0<span style=\"color: #993366;\"><span style=\"color: #993300;\"><strong>Praxispl\u00e4tze<\/strong><\/span>\u00a0<\/span>f\u00fcr Studierende vom\u00a0<span style=\"color: #993300;\"><strong>Campus St. P\u00f6lten der KPH Wien\/N\u00d6<\/strong><\/span>\u00a0an. Unsere Praxislehrperson ist\u00a0<em>Frau Sonja Rotheneder<\/em>.<\/p>\n","protected":false},"excerpt":{"rendered":"<p>Unser Team m\u00f6chte den Kindern neben den Kulturtechniken\u00a0LESEN,\u00a0SCHREIBEN\u00a0und\u00a0RECHNEN\u00a0auch noch folgende Kompetenzen \u00fcbermitteln: Verantwortungsbewusstsein Freude am Leben Gesundheitssinn Kreativit\u00e4t Teamf\u00e4higkeit Eigenst\u00e4ndigkeit Kommunikationsbereitschaft Sozialkompetenz Konfliktf\u00e4higkeit Leistungsbereitschaft Auch die Pflege von Kontakten an den Nahtstellen (Kindergarten, NMS und AHS) sind uns sehr wichtig: Schnuppertage, schulstufen\u00fcbergreifender Projektunterricht und Informationsveranstaltungen werden organisiert. Weiters sind wir bestrebt, ein tragf\u00e4higes Netz im &hellip; <a href=\"https:\/\/vsstpoelten-harland.ac.at\/?page_id=39\" class=\"more-link\"><span class=\"screen-reader-text\">Schulprofil<\/span> weiterlesen <span class=\"meta-nav\">&rarr;<\/span><\/a><\/p>\n","protected":false},"author":3,"featured_media":0,"parent":20,"menu_order":0,"comment_status":"closed","ping_status":"closed","template":"","meta":{"footnotes":""},"class_list":["post-39","page","type-page","status-publish","hentry"],"_links":{"self":[{"href":"https:\/\/vsstpoelten-harland.ac.at\/index.php?rest_route=\/wp\/v2\/pages\/39","targetHints":{"allow":["GET"]}}],"collection":[{"href":"https:\/\/vsstpoelten-harland.ac.at\/index.php?rest_route=\/wp\/v2\/pages"}],"about":[{"href":"https:\/\/vsstpoelten-harland.ac.at\/index.php?rest_route=\/wp\/v2\/types\/page"}],"author":[{"embeddable":true,"href":"https:\/\/vsstpoelten-harland.ac.at\/index.php?rest_route=\/wp\/v2\/users\/3"}],"replies":[{"embeddable":true,"href":"https:\/\/vsstpoelten-harland.ac.at\/index.php?rest_route=%2Fwp%2Fv2%2Fcomments&post=39"}],"version-history":[{"count":27,"href":"https:\/\/vsstpoelten-harland.ac.at\/index.php?rest_route=\/wp\/v2\/pages\/39\/revisions"}],"predecessor-version":[{"id":5936,"href":"https:\/\/vsstpoelten-harland.ac.at\/index.php?rest_route=\/wp\/v2\/pages\/39\/revisions\/5936"}],"up":[{"embeddable":true,"href":"https:\/\/vsstpoelten-harland.ac.at\/index.php?rest_route=\/wp\/v2\/pages\/20"}],"wp:attachment":[{"href":"https:\/\/vsstpoelten-harland.ac.at\/index.php?rest_route=%2Fwp%2Fv2%2Fmedia&parent=39"}],"curies":[{"name":"wp","href":"https:\/\/api.w.org\/{rel}","templated":true}]}}

<p>Unser Team möchte den Kindern neben den Kulturtechniken <strong><span style="color: #993300;">LESEN</span></strong>, <span style="color: #993300;"><strong>SCHREIBEN </strong></span>und <span style="color: #993300;"><strong>RECHNEN </strong></span>auch noch folgende<br />
<span style="color: #993300;"><strong>Kompetenzen</strong> </span>übermitteln:</p>
<ul>
<li>Verantwortungsbewusstsein</li>
<li>Freude am Leben</li>
<li>Gesundheitssinn</li>
<li>Kreativität</li>
<li>Teamfähigkeit</li>
<li>Eigenständigkeit</li>
<li>Kommunikationsbereitschaft</li>
<li>Sozialkompetenz</li>
<li>Konfliktfähigkeit</li>
<li>Leistungsbereitschaft</li>
</ul>
<p>Auch die <span style="color: #993300;"><strong>Pflege von Kontakten an den Nahtstellen</strong></span> (Kindergarten, NMS und AHS) sind uns sehr wichtig:<br />
Schnuppertage, schulstufenübergreifender Projektunterricht und Informationsveranstaltungen werden organisiert.</p>
<p>Weiters sind wir bestrebt, ein <span style="color: #993300;"><strong>tragfähiges Netz im Sinne der Krisenintervention</strong></span> aufzubauen:<br />
Zusammenarbeit mit der Schulpsychologie, mit Beratungslehrpersonen und mit Sozialarbeiterinnen und Sozialarbeitern.</p>
<p>Jedes Jahr setzen wir uns ein Thema zum <span style="color: #993300;"><strong>Schwerpunkt</strong></span>, das wir dann sehr intensiv in unseren Schulalltag einbauen werden.<br />
Im <em>Schuljahr 2025/2026</em> wollen wir das <span style="color: #993300;"><strong>Thema <em>SOZIALE KOMPETENZ</em> </strong></span>genauer unter die Lupe nehmen.<br />
Einige Aktivitäten, die wir schwerpunktmäßig die Jahre vorher behandelt haben, fließen in den Regelunterricht ein.</p>
<p>Seit dem <em>Schuljahr 2025/26</em> bietet unsere Schule wieder <span style="color: #993366;"><span style="color: #993300;"><strong>Praxisplätze</strong></span> </span>für Studierende vom <span style="color: #993300;"><strong>Campus St. Pölten der KPH Wien/NÖ</strong></span> an. Unsere Praxislehrperson ist <em>Frau Sonja Rotheneder</em>.</p>

<p>Unser Team möchte den Kindern neben den Kulturtechniken LESEN, SCHREIBEN und RECHNEN auch noch folgende Kompetenzen übermitteln: Verantwortungsbewusstsein Freude am Leben Gesundheitssinn Kreativität Teamfähigkeit Eigenständigkeit Kommunikationsbereitschaft Sozialkompetenz Konfliktfähigkeit Leistungsbereitschaft Auch die Pflege von Kontakten an den Nahtstellen (Kindergarten, NMS und AHS) sind uns sehr wichtig: Schnuppertage, schulstufenübergreifender Projektunterricht und Informationsveranstaltungen werden organisiert. Weiters sind wir bestrebt, ein tragfähiges Netz im &hellip; <a href="https://vsstpoelten-harland.ac.at/?page_id=39" class="more-link"><span class="screen-reader-text">Schulprofil</span> weiterlesen <span class="meta-nav">&rarr;</span></a></p>
