{"id":46,"date":"2014-10-05T13:14:49","date_gmt":"2014-10-05T13:14:49","guid":{"rendered":"http:\/\/vsstpoelten-harland.ac.at\/?page_id=46"},"modified":"2026-01-28T08:15:06","modified_gmt":"2026-01-28T08:15:06","slug":"schulprofil","status":"publish","type":"page","link":"https:\/\/vsstpoelten-harland.ac.at\/?page_id=46","title":{"rendered":"Schulprofil"},"content":{"rendered":"<p>Unser Team m\u00f6chte den Kindern neben den Kulturtechniken\u00a0<span style=\"color: #993300;\"><strong>LESEN<\/strong><\/span>,\u00a0<span style=\"color: #993300;\"><strong>SCHREIBEN\u00a0<\/strong><\/span>und\u00a0<span style=\"color: #993300;\"><strong>RECHNEN\u00a0<\/strong><\/span>auch noch folgende<br \/><span style=\"color: #993300;\"><strong>Kompetenzen<\/strong> <\/span>\u00fcbermitteln:<\/p>\n<ul>\n<li>Verantwortungsbewusstsein<\/li>\n<li>Freude am Leben<\/li>\n<li>Gesundheitssinn<\/li>\n<li>Kreativit\u00e4t<\/li>\n<li>Teamf\u00e4higkeit<\/li>\n<li>Eigenst\u00e4ndigkeit<\/li>\n<li>Kommunikationsbereitschaft<\/li>\n<li>Sozialkompetenz<\/li>\n<li>Konfliktf\u00e4higkeit<\/li>\n<li>Leistungsbereitschaft<\/li>\n<\/ul>\n<p>Auch die <span style=\"color: #993300;\"><strong>Pflege von Kontakten an den Nahtstellen<\/strong><\/span> (Kindergarten, NMS und AHS) sind uns sehr wichtig:<br \/>Schnuppertage, schulstufen\u00fcbergreifender Projektunterricht und Informationsveranstaltungen werden organisiert.<\/p>\n<p>Weiters sind wir bestrebt, ein <span style=\"color: #993300;\"><strong>tragf\u00e4higes Netz im Sinne der Krisenintervention<\/strong><\/span> aufzubauen:<br \/>Zusammenarbeit mit der Schulpsychologie, mit Beratungslehrpersonen und mit Sozialarbeiterinnen und Sozialarbeitern.<\/p>\n<p>Jedes Jahr setzen wir uns ein Thema zum <span style=\"color: #993300;\"><strong>Schwerpunkt<\/strong><\/span>, das wir dann sehr intensiv in unseren Schulalltag einbauen werden.<br \/>Im <em>Schuljahr 2025\/2026<\/em> wollen wir das <span style=\"color: #993300;\"><strong>Thema SOZIALE KOMPETENZ<\/strong>\u00a0<\/span>genauer unter die Lupe nehmen.<br \/>Einige Aktivit\u00e4ten, die wir schwerpunktm\u00e4\u00dfig die Jahre vorher behandelt haben, flie\u00dfen in den Regelunterricht ein.<\/p>\n<p>Seit dem <em>Schuljahr 2025\/26<\/em> bietet unsere Schule wieder <strong><span style=\"color: #993300;\">Praxispl\u00e4tze<\/span><\/strong> f\u00fcr Studierende vom <span style=\"color: #993300;\"><strong>Campus St. P\u00f6lten der KPH Wien\/N\u00d6<\/strong><\/span> an. Unsere Praxislehrperson ist <em>Frau Susanne Mohr<\/em>.<\/p>\n\n\n<p><\/p>\n","protected":false},"excerpt":{"rendered":"<p>Unser Team m\u00f6chte den Kindern neben den Kulturtechniken\u00a0LESEN,\u00a0SCHREIBEN\u00a0und\u00a0RECHNEN\u00a0auch noch folgendeKompetenzen \u00fcbermitteln: Verantwortungsbewusstsein Freude am Leben Gesundheitssinn Kreativit\u00e4t Teamf\u00e4higkeit Eigenst\u00e4ndigkeit Kommunikationsbereitschaft Sozialkompetenz Konfliktf\u00e4higkeit Leistungsbereitschaft Auch die Pflege von Kontakten an den Nahtstellen (Kindergarten, NMS und AHS) sind uns sehr wichtig:Schnuppertage, schulstufen\u00fcbergreifender Projektunterricht und Informationsveranstaltungen werden organisiert. Weiters sind wir bestrebt, ein tragf\u00e4higes Netz im Sinne der &hellip; <a href=\"https:\/\/vsstpoelten-harland.ac.at\/?page_id=46\" class=\"more-link\"><span class=\"screen-reader-text\">Schulprofil<\/span> weiterlesen <span class=\"meta-nav\">&rarr;<\/span><\/a><\/p>\n","protected":false},"author":3,"featured_media":0,"parent":28,"menu_order":0,"comment_status":"closed","ping_status":"open","template":"","meta":{"footnotes":""},"class_list":["post-46","page","type-page","status-publish","hentry"],"_links":{"self":[{"href":"https:\/\/vsstpoelten-harland.ac.at\/index.php?rest_route=\/wp\/v2\/pages\/46","targetHints":{"allow":["GET"]}}],"collection":[{"href":"https:\/\/vsstpoelten-harland.ac.at\/index.php?rest_route=\/wp\/v2\/pages"}],"about":[{"href":"https:\/\/vsstpoelten-harland.ac.at\/index.php?rest_route=\/wp\/v2\/types\/page"}],"author":[{"embeddable":true,"href":"https:\/\/vsstpoelten-harland.ac.at\/index.php?rest_route=\/wp\/v2\/users\/3"}],"replies":[{"embeddable":true,"href":"https:\/\/vsstpoelten-harland.ac.at\/index.php?rest_route=%2Fwp%2Fv2%2Fcomments&post=46"}],"version-history":[{"count":34,"href":"https:\/\/vsstpoelten-harland.ac.at\/index.php?rest_route=\/wp\/v2\/pages\/46\/revisions"}],"predecessor-version":[{"id":5935,"href":"https:\/\/vsstpoelten-harland.ac.at\/index.php?rest_route=\/wp\/v2\/pages\/46\/revisions\/5935"}],"up":[{"embeddable":true,"href":"https:\/\/vsstpoelten-harland.ac.at\/index.php?rest_route=\/wp\/v2\/pages\/28"}],"wp:attachment":[{"href":"https:\/\/vsstpoelten-harland.ac.at\/index.php?rest_route=%2Fwp%2Fv2%2Fmedia&parent=46"}],"curies":[{"name":"wp","href":"https:\/\/api.w.org\/{rel}","templated":true}]}}

<p>Unser Team möchte den Kindern neben den Kulturtechniken <span style="color: #993300;"><strong>LESEN</strong></span>, <span style="color: #993300;"><strong>SCHREIBEN </strong></span>und <span style="color: #993300;"><strong>RECHNEN </strong></span>auch noch folgende<br /><span style="color: #993300;"><strong>Kompetenzen</strong> </span>übermitteln:</p>
<ul>
<li>Verantwortungsbewusstsein</li>
<li>Freude am Leben</li>
<li>Gesundheitssinn</li>
<li>Kreativität</li>
<li>Teamfähigkeit</li>
<li>Eigenständigkeit</li>
<li>Kommunikationsbereitschaft</li>
<li>Sozialkompetenz</li>
<li>Konfliktfähigkeit</li>
<li>Leistungsbereitschaft</li>
</ul>
<p>Auch die <span style="color: #993300;"><strong>Pflege von Kontakten an den Nahtstellen</strong></span> (Kindergarten, NMS und AHS) sind uns sehr wichtig:<br />Schnuppertage, schulstufenübergreifender Projektunterricht und Informationsveranstaltungen werden organisiert.</p>
<p>Weiters sind wir bestrebt, ein <span style="color: #993300;"><strong>tragfähiges Netz im Sinne der Krisenintervention</strong></span> aufzubauen:<br />Zusammenarbeit mit der Schulpsychologie, mit Beratungslehrpersonen und mit Sozialarbeiterinnen und Sozialarbeitern.</p>
<p>Jedes Jahr setzen wir uns ein Thema zum <span style="color: #993300;"><strong>Schwerpunkt</strong></span>, das wir dann sehr intensiv in unseren Schulalltag einbauen werden.<br />Im <em>Schuljahr 2025/2026</em> wollen wir das <span style="color: #993300;"><strong>Thema SOZIALE KOMPETENZ</strong> </span>genauer unter die Lupe nehmen.<br />Einige Aktivitäten, die wir schwerpunktmäßig die Jahre vorher behandelt haben, fließen in den Regelunterricht ein.</p>
<p>Seit dem <em>Schuljahr 2025/26</em> bietet unsere Schule wieder <strong><span style="color: #993300;">Praxisplätze</span></strong> für Studierende vom <span style="color: #993300;"><strong>Campus St. Pölten der KPH Wien/NÖ</strong></span> an. Unsere Praxislehrperson ist <em>Frau Susanne Mohr</em>.</p>


<p></p>

<p>Unser Team möchte den Kindern neben den Kulturtechniken LESEN, SCHREIBEN und RECHNEN auch noch folgendeKompetenzen übermitteln: Verantwortungsbewusstsein Freude am Leben Gesundheitssinn Kreativität Teamfähigkeit Eigenständigkeit Kommunikationsbereitschaft Sozialkompetenz Konfliktfähigkeit Leistungsbereitschaft Auch die Pflege von Kontakten an den Nahtstellen (Kindergarten, NMS und AHS) sind uns sehr wichtig:Schnuppertage, schulstufenübergreifender Projektunterricht und Informationsveranstaltungen werden organisiert. Weiters sind wir bestrebt, ein tragfähiges Netz im Sinne der &hellip; <a href="https://vsstpoelten-harland.ac.at/?page_id=46" class="more-link"><span class="screen-reader-text">Schulprofil</span> weiterlesen <span class="meta-nav">&rarr;</span></a></p>
